2
Let q be 470/6*39/(-26)*-2. Suppose -250*y + q*y = -19125. What is the greatest common factor of 51 and y?
51
Suppose 3957*l + 3900 = 4009*l. Calculate the highest common factor of 32925 and l.
75
Let p = -3659 + 3665. What is the greatest common divisor of p and 729?
3
Suppose 2 = t - 1. Suppose 2 + t = o - 2*z, 5*z = 0. Suppose o*s + 3*d = -0*s + 15, 0 = -5*d - 25. Calculate the highest common divisor of 42 and s.
6
Suppose -11*d - 143 = -22*d. Let s be (d - 11)/((-2)/(-22)). Calculate the greatest common divisor of 99 and s.
11
Let l be (-2407)/(-6) + (-16)/96. Suppose 4*k - 3*k + 2*f - 110 = 0, 4*k = 5*f + l. Calculate the highest common factor of k and 156.
52
Let o(f) = 8*f + 4 + 6 - 5 + 3. Let q be o(4). What is the greatest common divisor of 140 and q?
20
Let v be ((-48)/20 - 0)/(51/(-170)). Suppose -v*b + 839 + 3513 = 0. Calculate the highest common factor of 17 and b.
17
Suppose -9*b + 15 = -4*b. Suppose -b*a + 144 = 117. Calculate the greatest common factor of a and 21.
3
Let o = 671 - 1211. Let z = -292 - o. Calculate the greatest common factor of z and 31.
31
Let v be (-9)/((-18)/(-4)) + 80. Let r = -24 + v. Let o = r - 50. What is the highest common divisor of 32 and o?
4
Let s be (-22)/(-1)*13440/6160. Calculate the greatest common factor of 3852 and s.
12
Let q = -12 + 19. Let c = q - -17. Let p(g) = g**3 - 11*g**2 + 6. Let x be p(11). Calculate the highest common divisor of x and c.
6
Suppose -n - 5*a - 15 + 89 = 0, n - 2*a - 116 = 0. Calculate the highest common divisor of 7592 and n.
104
Let q be (-4)/(-26) - (0 + 1551/(-143)). Let t(c) = -c**3 + 11*c**2 + 19*c + 36. Let w be t(q). Calculate the greatest common factor of w and 5.
5
Let o(w) = w**3 - 2*w**2 + 33. Let l be o(3). Calculate the highest common factor of l and 406.
14
Let n = -86 + 150. Suppose 16 = -4*c + n. Let w be ((-72)/(-45))/((-24)/(-90)). What is the highest common factor of w and c?
6
Let p = 6 + -1. Suppose 1538 = p*c + 523. Let y be 4 + (-8 - -3) + 150/5. What is the greatest common factor of c and y?
29
Let v be 21*(23/(-3) + 17 + -8). Let h = 19 + -6. Let m = h + -6. What is the greatest common divisor of m and v?
7
Let m(g) = -44 - 48 + 14*g + 98 - 5*g. Let j be m(1). Let y be (12/7)/(2/35). Calculate the highest common divisor of y and j.
15
Let h be 5/(15/9783) + 3/15*5. What is the greatest common divisor of h and 42?
14
Suppose 5*u + 8*z = 5*z + 4665, 0 = 2*u - 4*z - 1866. Suppose -4*y + 9*m - 10*m = -u, 3*y - 717 = 5*m. What is the greatest common divisor of 18 and y?
18
Let m = 13351 + -10096. Calculate the highest common factor of m and 42.
21
Suppose b + 0*b = 4*r - 7, 13 = r - 4*b. Let g be 3*r - (-10 - -7). Suppose g*z - 3*z - 135 = 0. What is the highest common factor of z and 9?
9
Let o be (-80496)/(-46) + (-30)/(-345)*(-2)/(-2). What is the greatest common divisor of o and 100?
50
Suppose -8*u - 16*u - 220 = -3772. Calculate the greatest common factor of u and 1850.
74
Let c be (4911 - -17) + -9 - -13. Calculate the greatest common divisor of 36 and c.
36
Let q = 37 + -25. Let z(c) = 315*c**2 + 6930*c + 8. Let t be z(-22). What is the highest common divisor of t and q?
4
Let v(x) = -69*x - 1043. Let z be v(-19). Calculate the highest common factor of z and 12.
4
Let h be (3230/765)/((-4)/(-18)). Calculate the greatest common factor of h and 59.
1
Suppose l - 60 = -5*g - 11, 2*g - 23 = 3*l. Suppose -18*v + 16*v + s = -265, 2*v + 5*s = 235. Calculate the greatest common factor of g and v.
10
Suppose 1453*y - 348 = 1449*y. What is the greatest common factor of y and 1711?
29
Suppose 2*j - m - 748 = 0, 40*j - 39*j - m = 372. What is the greatest common divisor of j and 1692?
188
Let a(u) = u**3 + 3*u**2 + 2*u + 4. Let v be a(-2). Let p be (13/3)/(v + 236/(-60)). What is the highest common divisor of 104 and p?
13
Let s = 37 + -60. Let z be (-18)/(-6) + s + -1 - -3. Let m(u) = -u**2 - 21*u - 27. Let k be m(z). Calculate the greatest common divisor of 27 and k.
27
Suppose -1821 = -10*j + 1469. Calculate the greatest common divisor of j and 188.
47
Let i(f) = 354*f - 6. Let p(g) = 1414*g - 24. Let j(v) = 9*i(v) - 2*p(v). Let k be j(3). What is the greatest common divisor of 12 and k?
12
Let d be 11*(-2)/(-11) + 10. Suppose 3*z - 275 = 31. What is the greatest common factor of d and z?
6
Let y be -4 + 1 + 0 + (3 - -3). Suppose -3*o - 5*w = -289, 2*o + y*w = -0*o + 193. Calculate the highest common factor of o and 28.
14
Suppose 11*p + 14*p = 643 + 57. Calculate the greatest common divisor of p and 5138.
14
Let x(y) = -10*y**3 - 2*y**2 - 4*y. Let m be x(-2). Let a be 72/27*(55 + -10). What is the highest common factor of a and m?
40
Let o = 18 + -14. Let b be (-11)/(-2*o/16). Let p = 966 + -964. What is the greatest common divisor of p and b?
2
Let t = 698 - 388. Suppose 37*w - 6362 = 4530 - 1716. What is the greatest common divisor of w and t?
62
Let k(i) = 1. Let z(o) = 9*o - 15. Let d(h) = -4*k(h) - z(h). Let n be d(-23). Calculate the highest common divisor of n and 981.
109
Suppose -24*l - 7258 + 26794 = 0. What is the greatest common divisor of l and 55?
11
Suppose 34*g - 172*g + 19044 = 0. Calculate the greatest common factor of g and 2967.
69
Suppose 85*a - 14755 = 72*a. What is the highest common factor of 45 and a?
5
Let h(z) = -z**2 + 109*z + 108. Let j be h(34). Calculate the highest common divisor of 18 and j.
6
Let s(p) = -9*p**2 - p + 1. Let u be s(-1). Let c be (-2 - u)/((-8)/(-384)). What is the highest common divisor of 15 and c?
15
Let j(o) = 13*o**2 + 289*o + 84. Let w be j(-28). What is the greatest common factor of 616 and w?
56
Let d(x) be the first derivative of x**3/3 - 2*x**2 - 27*x + 42. Let m be d(11). What is the highest common factor of m and 10?
10
Let h(b) = -100*b + 602. Let i be h(6). What is the highest common divisor of i and 1078?
2
Suppose -1066469 = 339*o - 3178439. Calculate the greatest common factor of 70 and o.
70
Suppose -10*o + 9*o = 7. Let p(r) = 4*r + 33. Let t be p(o). What is the highest common divisor of 15 and t?
5
Suppose 0 = -2*k + 5*h - 32, 2*h - 11 - 3 = k. Let p be (-40)/k*(-399)/(-28). What is the greatest common divisor of 10 and p?
5
Let p = 286 + -265. Suppose -16*s = -p*s + 5. What is the greatest common divisor of s and 16?
1
Suppose 0 = -11*f + 1105 + 1898. Calculate the greatest common divisor of 507 and f.
39
Suppose -75979 - 110168 = -117*r. What is the highest common divisor of 148 and r?
37
Let c = 3969 - -1231. Calculate the greatest common factor of c and 104.
104
Let m(p) = -2*p + 14. Let k be m(5). Suppose -3*f - k*s + 28 = 0, 0 = -8*f + 3*f - 4*s + 52. Let h = f + 1. Calculate the greatest common factor of 13 and h.
13
Suppose 0 = -200*u - 1137420 + 5877620. Calculate the highest common factor of 137 and u.
137
Let n be 2/(-5) + (-15 - -16 - 2268/(-20)). What is the highest common divisor of n and 3078?
114
Suppose -2*q + 5*y = -156, 5*q - 98 = 5*y + 277. Let g be -40 - ((-8)/(-4) - -1). Let k = q + g. Calculate the greatest common factor of k and 20.
10
Let j be (-18315)/148*(-16)/3. Suppose -27*x - j = -33*x. What is the highest common divisor of x and 10?
10
Suppose -2*q + 75 = b - 20, 0 = 3*b - 3*q - 258. Calculate the highest common divisor of 45390 and b.
89
Let q(g) = 73*g + 6470. Let m be q(-70). Calculate the greatest common factor of m and 2635.
85
Let p be ((-9)/72 + 1491/24)*1. What is the greatest common factor of p and 2?
2
Let w be (-793 + -35)/138*(-80)/3. Let r be (-25)/3*-2*24. What is the greatest common factor of r and w?
80
Let p = 379 + -255. Suppose 17*k = 12*k - 2*c + 1558, 0 = -4*k + 4*c + 1224. What is the highest common divisor of k and p?
62
Suppose -5*f + 632 = 171*m - 173*m, 0 = f - m - 124. What is the greatest common factor of 3584 and f?
128
Let g = -36 + 91. Let r be -4 + g + 1 - 4. Let j = -2 + 8. Calculate the highest common divisor of r and j.
6
Suppose -4*p = g - 8, -6*g = p - 2*g - 2. Let u(h) = h**2 - 5*h - 20. Let n be u(10). Suppose 28 - n = -l. Calculate the greatest common divisor of p and l.
2
Let t = 43 - 42. Let n(i) = 54*i**2 + i - 2. Let l be n(t). Let b = l + -36. What is the greatest common factor of 68 and b?
17
Let g be 15*10/(-30) + 31/1. Suppose g*h - 12073 = -1075. Calculate the greatest common divisor of 18 and 